k?
4
Let g be ((-8)/(-20))/((-1)/(-10)). Suppose -g*f - 4*b = 0, -f - b + 3 = f. Calculate the greatest common factor of f and 3.
3
Suppose 2*q + 6 = 8. Let c(v) = 116*v**2 + 2*v - 1. Let n be c(q). Suppose -4*g + 36 + 32 = -4*x, 8 = -2*x. What is the greatest common factor of g and n?
13
Let m = -67 - -97. What is the greatest common divisor of m and 330?
30
Let y = -61 + 105. Let b(m) = m**3 - 8*m**2 + 2*m + 10. Let f be b(7). Let c = f + 36. What is the greatest common divisor of y and c?
11
Let k(u) = 4*u**2 - u - 2. Let j be k(2). Let h be 0 + -1 + (0 - -3). Let x be 0 + (13 - h/2). What is the greatest common divisor of x and j?
12
Let a(r) = -2*r - 22. Let j be a(-14). What is the highest common factor of 3 and j?
3
Let l be 356/18 + (-8)/(-36). Suppose 5*i + 5*g + 25 = 0, -g + 3*g = i + 11. Let s = i + 15. Calculate the highest common factor of s and l.
4
Let w(f) = -f**2 - 7*f - 3. Let a be w(-6). Calculate the highest common divisor of 9 and a.
3
Let o(a) = -a**2 - 15*a - 7. Let s be o(-7). Suppose 4*v = c + s, -2*v = 2*v - 3*c - 43. What is the highest common factor of v and 39?
13
Suppose 0 = -f + 3*q - 5*q - 20, f - 2*q = 0. Let v be (-15)/f*(-1 - 147). Let w be v/(-4) - (-1)/2. What is the highest common divisor of w and 14?
14
Let m = 3 - 0. Let y be (3/m)/(2/162). Let c(r) = 9*r**2. Let f be c(-1). What is the greatest common divisor of y and f?
9
Let d = -8 + 88. What is the highest common factor of d and 16?
16
Let y(n) = n**3 - 3*n**2 - 3*n - 7. Let s be y(5). Suppose t - 10 = s. Suppose -3*k + 230 = t. Calculate the highest common factor of 8 and k.
8
Let i = 55 - 5. Let r be (-2)/(-9) + 88/9. Calculate the greatest common divisor of i and r.
10
Let o be 16/(-3)*66/(-4). Suppose -4*y + 153 = -5*d, -2*y + 48 = 3*d - 23. Suppose 5*m = y + 3. Calculate the highest common divisor of o and m.
8
Let l(v) = 2*v**2 - v - 2. Let t(r) = r**3 + 3*r**2 - 4*r + 2. Let i be t(-4). Let w be l(i). Calculate the highest common factor of w and 20.
4
Suppose 0 = -c + 96 - 0. Calculate the highest common factor of c and 24.
24
Let x(f) = f**2 - 3*f - 16. Let o be x(-8). Let b be 434/9 + 2/(-9). Calculate the greatest common divisor of o and b.
24
Suppose 3*t - 21 = -3*k, 3*t = 2*t - 5*k - 1. Let m = 15 - 7. Let l = 10 + m. What is the greatest common factor of l and t?
9
Suppose 4*s - 9 = 31. Let i be (-7 - 1)/((-20)/s). Calculate the highest common factor of 32 and i.
4
Suppose h - a = 23, 0 = -h - 4*a - 0 - 2. What is the greatest common divisor of 27 and h?
9
Suppose 0 = 4*x - 5*t - 17, 3*x - 2*x - 5*t - 8 = 0. Suppose -x*z = -3*b + 12, 0 = b - 2*z - 3*z + 4. What is the highest common factor of b and 30?
6
Let o = 80 - -28. Calculate the highest common divisor of o and 12.
12
Suppose -3 = -4*k + k. Suppose -5*r - 5*x - 10 = 0, -2*r + 7 - 41 = -4*x. Let i = 8 + r. Calculate the greatest common divisor of k and i.
1
Let m = 19 + 5. What is the highest common divisor of 168 and m?
24
Let t(p) = -3*p**3 - 3. Let y be t(-3). Calculate the highest common factor of y and 6.
6
Let r(h) = -h**3 + 3*h**2 + 3*h - 3. Let y be r(4). Let g = 11 + y. Let u be (7/g)/(2/8). Calculate the highest common divisor of 21 and u.
7
Suppose 3*f = -0*f + 5*l + 23, 0 = -2*f + 3*l + 16. Suppose p - 7 = f. Suppose 9 + 135 = 4*k. Calculate the highest common factor of p and k.
18
Let a(y) = y**2 - 12*y - 37. Let x be a(15). Calculate the highest common factor of x and 64.
8
Suppose -r - n = -24, 4*r - 92 = -7*n + 2*n. What is the highest common divisor of r and 224?
28
Let x be ((-15)/20)/(1/24). Let d be -3*4*x/4. What is the highest common divisor of d and 6?
6
Let b(a) = -a**3 - a**2 + 2*a + 2. Let w be b(0). Calculate the highest common divisor of w and 2.
2
Let w(h) = h**2 - h - 3. Let v be w(-3). Let q(i) = i + 11. Let y be q(-8). Suppose -l + y = -0. What is the greatest common factor of v and l?
3
Suppose 0 = -6*t + 106 + 14. Calculate the greatest common divisor of t and 4.
4
Let z be (185/(-148))/(2/8*-1). What is the greatest common divisor of 85 and z?
5
Suppose -7 = g + 5. Let p be (-449)/(-4) - (-3)/g. Let n = 42 - 26. Calculate the highest common divisor of n and p.
16
Let w = 13 - 8. Let m = w - -1. Suppose -5*y = -0*v + 3*v - 80, -y - 92 = -3*v. What is the greatest common divisor of m and v?
6
Let c = 33 + 12. What is the highest common factor of c and 30?
15
Let i = 75 - -21. What is the greatest common factor of 32 and i?
32
Suppose -5*w - 6 = -g, g = 5*g - 4*w - 24. Suppose -9*f + 250 = 5*z - 4*f, z = -3*f + 54. What is the greatest common divisor of z and g?
6
Let r be (-4)/(-6)*(-48)/(-4). Let o = 0 + 20. What is the greatest common divisor of r and o?
4
Suppose 2*o + 5*t - 397 = 0, -3*o = o - 3*t - 781. What is the greatest common factor of o and 28?
28
Let z(l) = -l**2 + l + 22. Let b be z(0). Calculate the greatest common divisor of b and 88.
22
Let d(x) = 17*x**2 - 2*x. Let h be d(2). Calculate the greatest common divisor of 48 and h.
16
Let f(x) = x + 6. Let l be f(-4). Suppose -3*m + m + 5*j = -6, 4*j = 2*m - 6. Calculate the greatest common divisor of l and m.
1
Let w = -5 + 11. Suppose -3*c + 68 = -4*v, v + 46 = 2*c - v. Calculate the highest common factor of w and c.
6
Let v = -51 + 59. Let o(y) = y**2 - 6*y - 4. Let c be o(7). Let g be 71/c + (-2)/(-6). What is the greatest common divisor of g and v?
8
Let q = 502 + -227. What is the highest common divisor of q and 25?
25
Let w be (-2)/(-2) - (-4 - 3). Let x(s) = s**3 + s**2 - 3. Let a be x(0). Let g be 12/w + a/(-2). Calculate the highest common factor of g and 24.
3
Suppose 4*y - w = 503, 0 = -5*w + 4 + 1. Calculate the greatest common factor of y and 42.
42
Let w be (-5 - -4) + 1*28. What is the greatest common factor of 54 and w?
27
Let h be 57243/15 + (-3)/15. Let m be h/21 + (-4)/(-14). What is the highest common factor of m and 26?
26
Let z(w) = 1140*w**2 + w - 1. Let l be z(1). Suppose -4*b - l = 3696. Let d be 2/9 + b/(-27). Calculate the highest common factor of d and 5.
5
Suppose 5*a - 13 - 12 = 0. Suppose -3*z + 6 = 4*j - 10, -4*j + a*z + 16 = 0. Suppose -j*k = -18 + 6. What is the greatest common factor of k and 3?
3
Let q = -16 + 39. Suppose -4*y - l = 2*l + 3, q = y - 4*l. Suppose -y*z = -4*z + 3. Calculate the greatest common factor of z and 6.
3
Suppose 2*c - 42 = 38. Calculate the highest common divisor of c and 5.
5
Let h = -7 - -12. Let v(i) = i. Let q be v(5). Suppose 5*l - 3*g - 13 = 0, 2*l = 5*l - 5*g + q. Calculate the highest common divisor of h and l.
5
Let d = 209 + -81. What is the highest common factor of 16 and d?
16
Suppose 0 = -2*t + 6*t - 4. Let o be t/(10/18)*15. Let z = -17 + 35. Calculate the greatest common divisor of z and o.
9
Let b = 0 - 0. Suppose b = 2*l + 10, -5*l = -y - 2*l + 9. Let p be (0 - 23)*y/3. What is the greatest common factor of p and 69?
23
Let l be (10 - 25)*(-52)/6. Calculate the highest common divisor of 26 and l.
26
Suppose 0 = 2*y + v - 58, -4*v = 3*y + y - 120. Let h(b) = 10 - 3 - 2 + 9*b**2 - b**3 + b. Let j be h(9). What is the highest common factor of y and j?
14
Let q be (-6)/9 + (-1)/3. Let p be (q/2)/(3/6). Let a be (p - 1/2)*-2. Calculate the greatest common divisor of 1 and a.
1
Let w(o) = o**3 - 5*o**2 + 2*o - 1. Let d be w(4). Let n = d - -13. What is the greatest common divisor of 12 and n?
4
Let g(p) = 18*p**2 - 7*p - 6. Let q be g(-4). Let n be (-5)/(-20) - q/(-8). Let r = 59 - 33. Calculate the highest common divisor of r and n.
13
Let c = -2 - -134. Let p be 2/8 - (-1155)/20. Suppose -4*u + 5*u - 2 = 0, p = 4*s + 5*u. Calculate the greatest common factor of s and c.
12
Let m = 3 + -5. Let x be (-3)/(-3*m/4). Let y be (-4 + 2)/(x/40). Calculate the highest common divisor of y and 20.
20
Let a = -47 + 69. Let z be a/3*(-9)/(-6). Calculate the highest common divisor of z and 1.
1
Suppose -15 = -w - 2*a, 4*w - 11 = a + 31. What is the highest common divisor of 55 and w?
11
Let n be (-16)/(-5) + (-1)/5. Suppose 0*c + 192 = n*c. Calculate the highest common divisor of c and 16.
16
Let c be 8/(-2*(-2)/48). Suppose 0 = 5*j - 4*j. Suppose -3*m - 2*z + 32 = 0, j = 4*m - z - 2*z - 54. What is the greatest common divisor of c and m?
12
Suppose -20 = -3*b - 2*b. Suppose -4*s + 3 = 3*z - 1, -b*s = 2*z. What is the greate